at is -1dd6 - 10?
-1de6
In base 12, what is -20bba + 0?
-20bba
In base 8, what is -104 - -136704?
136600
In base 16, what is 5fe - -1a?
618
In base 7, what is 6260 + -20?
6240
In base 12, what is 12623 - 5?
1261a
In base 10, what is 350 + -2?
348
In base 3, what is -101222120 - 100?
-101222220
In base 4, what is -2 - -103232111?
103232103
In base 3, what is -20100201 - 1202?
-20102110
In base 9, what is 15506 - 100?
15406
In base 15, what is 36e + -7?
367
In base 9, what is 4 - 58313?
-58308
In base 13, what is -b44 + -10?
-b54
In base 8, what is 31573 + 4?
31577
In base 8, what is -414 - 20256?
-20672
In base 10, what is 1748 - -1113?
2861
In base 10, what is -32 + 5113?
5081
In base 4, what is -2312 + -22000?
-30312
In base 8, what is -10 + 16632?
16622
In base 12, what is 1856 - -54?
18aa
In base 13, what is -2ba - 548?
-835
In base 3, what is 1110021 + -102202?
1000112
In base 7, what is 12 + 260?
302
In base 16, what is -912 + -4?
-916
In base 5, what is 12400 - 1201?
11144
In base 9, what is 12804 - -28?
12833
In base 13, what is 324a - 3?
3247
In base 14, what is -ab - -c61?
b94
In base 10, what is 1 + 22547?
22548
In base 9, what is 2278 + 23?
2312
In base 2, what is -10 + 100010111111000111?
100010111111000101
In base 7, what is -5 - -425131?
425123
In base 3, what is 1200022010022 - -10?
1200022010102
In base 3, what is 10 - 220211011102?
-220211011022
In base 2, what is -101 - 1000000100101?
-1000000101010
In base 16, what is 1ce - -b6d?
d3b
In base 9, what is 5 - 414?
-408
In base 11, what is -138 - 2a2?
-42a
In base 8, what is -1251 - -151?
-1100
In base 3, what is 111122210202 - 11?
111122210121
In base 2, what is 11101011101000 + -100?
11101011100100
In base 9, what is -336645 + 4?
-336641
In base 3, what is -20 - 1120201201?
-1120201221
In base 5, what is -20024 + -2434?
-23013
In base 12, what is 2b - -247?
276
In base 2, what is -1100101101 + 1101?
-1100100000
In base 7, what is 6 - -602421?
602430
In base 6, what is -1205 - 1010?
-2215
In base 12, what is -32 + 823?
7b1
In base 7, what is -1562511 - -2?
-1562506
In base 6, what is -1211033 - 3?
-1211040
In base 5, what is -214311 - -11?
-214300
In base 7, what is -3 - 50600?
-50603
In base 5, what is -440 + -20124?
-21114
In base 5, what is -222002 - -4?
-221443
In base 8, what is -21244 - -124?
-21120
In base 11, what is 84 + 6201?
6285
In base 9, what is -23516 - -5?
-23511
In base 8, what is -7014 - -41?
-6753
In base 8, what is -1106 - -25?
-1061
In base 9, what is 3 - -15108?
15112
In base 11, what is -101a97 + 1?
-101a96
In base 12, what is 258 - -283?
51b
In base 13, what is -1 + 1c2b9?
1c2b8
In base 3, what is -1002 + 1121121?
1120112
In base 2, what is 1 + 110000100100?
110000100101
In base 5, what is -42 - -120313?
120221
In base 15, what is -20 - -1168?
1148
In base 2, what is 10101 - -1001000101111?
1001001000100
In base 5, what is 21 + 212002?
212023
In base 7, what is -4 + -2430264?
-2430301
In base 10, what is 2 - -254639?
254641
In base 5, what is -321 - 401?
-1222
In base 9, what is 1537 - -23?
1561
In base 10, what is 598 + 1512?
2110
In base 16, what is 0 - -49c5?
49c5
In base 13, what is -18 - -40b7?
409c
In base 3, what is -1220011 - 12120?
-2002201
In base 16, what is 5 + 10b48?
10b4d
In base 4, what is -11 + 11221002?
11220331
In base 7, what is 615 + 1543?
2461
In base 14, what is -36 - -b08?
ab2
In base 13, what is 0 + 4240?
4240
In base 9, what is -1405 + -3?
-1408
In base 12, what is 66 - -129a?
1344
In base 2, what is -101 - -1000100010010?
1000100001101
In base 6, what is -44 - 215014?
-215102
In base 13, what is -2 + 31770?
3176b
In base 4, what is -11000020 + 320?
-10333100
In base 8, what is 0 - -33354?
33354
In base 11, what is -2a2 - -346?
54
In base 4, what is 2030 - 12?
2012
In base 10, what is -823 + -110?
-933
In base 2, what is 100000001101 - 11000111?
11101000110
In base 15, what is -29401 + 5?
-293eb
In base 6, what is -130232 + -2?
-130234
In base 9, what is -21177 - -5?
-21172
In base 13, what is 287c - 54?
2828
In base 3, what is 1112122111001 + -1?
1112122111000
In base 9, what is -172383 - 2?
-172385
In base 3, what is -1102112 + -1000022?
-2102211
In base 4, what is 233331 - 2221?
231110
In base 8, what is -443 - 24?
-467
In base 8, what is -5 + -1671665?
-1671672
In base 12, what is 212 + -64b4?
-62a2
In base 12, what is -1 - 174a44?
-174a45
In base 15, what is 90 - 1e1?
-151
In base 6, what is 4 + 2450?
2454
In base 13, what is 0 - 63c83?
-63c83
In base 12, what is 732 - -13?
745
In base 11, what is 11 - 263?
-252
In base 11, what is 7461 + -2?
745a
In base 14, what is 64a + 48?
694
In base 11, what is -30098a - 1?
-300990
In base 10, what is 2 - -10465?
10467
In base 12, what is 2 + 6774?
6776
In base 16, what is 1d - 1324?
-1307
In base 11, what is -10 + -65662?
-65672
In base 9, what is -1 - -15273?
15272
In base 15, what is -77 + 114?
8c
In base 4, what is -1221201 - -212?
-1220323
In base 13, what is 4 - -4747b?
47482
In base 11, what is -3115 + 8a?
-3036
In base 6, what is 3 - 31150?
-31143
In base 16, what is 67 - b58?
-af1
In base 6, what is -1232214402 - 4?
-1232214410
In base 15, what is a47d8 - -1?
a47d9
In base 2, what is 10110 - -110000011010010?
110000011101000
In base 3, what is -110211 - -100202?
-10002
In base 3, what is -12 - 121100112210?
-121100112222
In base 3, what is 220 - -20201021?
20202011
In base 14, what is -d537 + 25?
-d512
In base 13, what is 14 - -11a9?
11c0
In base 8, what is 5025 + -176?
4627
In base 2, what is 10100001000 - -11001101?
10111010101
In base 13, what is -4 + -4249c?
-424a3
In base 14, what is 1 - 18c93?
-18c92
In base 10, what is -3 - -169594?
169591
In base 16, what is -a2 - -41?
-61
In base 5, what is -1 + -11343441?
-11343442
In base 14, what is 2db4 - a?
2da8
In base 5, what is -2114 + 140003?
132334
In base 10, what is 247 - -94?
341
In base 14, what is -3002 - -1c?
-2dc4
In base 13, what is -1079 + 2?
-1077
In base 13, what is -7c0 + 42?
-77b
In base 12, what is 55 - -1020?
1075
In base 14, what is -759 + -10c?
-867
In base 12, what is -3b74 + -1aa?
-4162
In base 15, what is -3c3 + -4a?
-41d
In base 11, what is -448008 - -3?
-448005
In base 12, what is -1 + 32461?
32460
In base 11, what is 974 + -50?
924
In base 9, what is -3 - 160062?
-160065
In base 2, what is 0 + 10110111110011?
10110111110011
In base 2, what is -1001010 + -101001001000100?
-101001010001110
In base 16, what is -e - -15834?
15826
In base 16, what is -f - 161?
-170
In base 15, what is -5 - -ee167?
ee162
In base 4, what is -2001101 - -20?
-2001021
In base 5, what is -32323344 - -1?
-32323343
In base 13, what is 1c - -472?
491
In base 13, what is -724 + -2288?
-29ac
In base 5, what is 100 - -43243?
43343
In base 8, what is -6161 + -17?
-6200
In base 13, what is 5 - -22887?
2288c
In base 8, what is 1303 - 4150?
-2645
In base 11, what is 1 - 1a007?
-1a006
In base 3, what is -2112021210 - 10?
-2112021220
In base 8, what is -1066 + -1462?
-2550
In base 13, what is 14 + 666?
67a
In base 12, what is -24647 - 5?
-24650
In base 6, what is 21340 - -31?
21411
In base 7, what is 66 + -152?
-53
In base 12, what is -5 + -71252?
-71257
In base 7, what is -422034 - -1?
-422033
In base 2, what is -101011 - 10100100110011?
-10100101011110
In base 4, what is 12303010 - 1?
12303003
In base 13, what is -2a + 530b?
52b1
In base 9, what is -1745 - 256?
-2112
In base 13, what is -35 + -1976?
-19ab
In base 9, what is 3 + -1771?
-1767
In base 4, what is 1133212321 + -11?
1133212310
In base 3, what is 10 + 101120120221?
101120121001
In base 10, what is 3 - -49622?
49625
In base 2, what is -1101 - -1011101?
1010000
In base 15, what is -4c7 - 20?
-4e7
In base 6, what is 1522330 + -31?
1522255
In base 15, what is 4 - 1cc7?
-1cc3
In base 15, what is 8 - -901?
909
In base 9, what is -241 - 218?
-460
In base 13, what is -23 - 2230?
-2253
In base 6, what is -4332 + -55?
-4431
In base 8, what is 710 + 3?
713
In base 2, what is -1010100000010110 + 11?
-1010100000010011
In base 4, what is -12 + -10110102?
-10110120
In base 14, what is 1cb251 - 3?
1cb24c
In base 6, what is -22351 + -13?
-22404
In base 15, what is -55 + -3370?
-33c5
In base 10, what is -44493 - 14?
-44507
In base 15, what is 4901 - -12?
4913
In base 2, what is -1001100010101